lculate the remainder when y is divided by 3.
2
Let s = 111 - 79. Suppose -5*x + 3 = -52. Calculate the remainder when s is divided by x.
10
Let l(z) be the first derivative of -z**4/2 - z**3 + 2*z**2 + 2*z - 5. Calculate the remainder when 49 is divided by l(-3).
15
Let k = -148 + 166. What is the remainder when k is divided by 11?
7
Suppose h = o + 2, -o + 38 = 3*h + 12. Let j(m) = -2*m + 9 + 4*m - 2. Calculate the remainder when j(h) is divided by 11.
10
Suppose 3 = 3*u - 0. Let o(g) = 16*g**3 + 2*g**2 - 2*g + 1. Calculate the remainder when 33 is divided by o(u).
16
Let w(d) = -d**3 + d**2 - d + 11. Let t = 16 - -15. What is the remainder when t is divided by w(0)?
9
Let o(n) = -n**2 - 2*n. Let a be o(3). Let i = a - -32. Calculate the remainder when ((-2)/4)/((-2)/128) is divided by i.
15
Let i(k) = -7*k**3 + 25*k**2 - 19*k - 8. Let q(d) = 3*d**3 - 12*d**2 + 9*d + 4. Let b(r) = 2*i(r) + 5*q(r). What is the remainder when b(10) is divided by 25?
24
Let k = -7 - -11. Let o(j) = j**2 + 7*j - 5. Let h be o(-8). Suppose h*m = 4*m - 10. What is the remainder when m is divided by k?
2
Let x(a) = -2*a**2 + 27*a + 28. Calculate the remainder when x(13) is divided by 15.
11
Suppose 5*l + 19 + 1 = 3*i, -4*l + 95 = 5*i. Let w(z) = -z**3 - z**2 + z + 58. What is the remainder when w(0) is divided by i?
13
Let i(r) = -r**2 - r + 2. Let g be i(0). Suppose -77 = -4*o - 5*u - 14, -o = -3*u - 3. What is the remainder when (-34)/(-3)*(5 - g) is divided by o?
10
Suppose -42*t + 43*t - 44 = 0. Calculate the remainder when 219 is divided by t.
43
Suppose 0 = -k - 5, 0 = -0*i - i - 2*k + 25. Let t(y) = -y**2 + 12. Calculate the remainder when i is divided by t(0).
11
Suppose -4*f + 2*z = -152, -z - z = -2*f + 80. What is the remainder when 106 is divided by f?
34
Let a be (0 - -18)/(42/(-28)). Let t = 14 - 8. What is the remainder when 13 is divided by 4/t + (-52)/a?
3
Let b = 9 + -1. Suppose 0*d - 44 = -2*d. Calculate the remainder when d is divided by b.
6
Suppose -2*b + 17 = 7. Suppose b*z - 2*y + 3 = 88, 3*y - 34 = -z. Calculate the remainder when 37 is divided by z.
18
Suppose 2 = -2*x - 20. Calculate the remainder when (-20)/8*(-3 + x) is divided by 18.
17
Suppose -w = -3*v - 30 + 190, 0 = 4*v - 5*w - 217. What is the remainder when v is divided by 14?
11
Calculate the remainder when ((-150)/100)/(((-18)/(-184))/(-3)) is divided by 27.
19
Let i = 9 + -4. Suppose 0 = -2*o - 5*n + 2 - 1, -5*o - 2*n + 13 = 0. Calculate the remainder when i is divided by o.
2
Let m = 4 - -26. Suppose 0 = u - 2*u - 2. Let x = 9 - u. Calculate the remainder when m is divided by x.
8
What is the remainder when (6/2)/(-2 - (-861)/426) is divided by 48?
46
Let r be (-1 - 4/(-6))*-15. Suppose -2*m = -3*m - r, -3*d + m = -65. Calculate the remainder when d is divided by 11.
9
Let z = -6 - -4. Let i = z + 4. What is the remainder when 6 is divided by i?
0
Suppose 30 = 4*t + 2*t. What is the remainder when 10 is divided by t?
0
Suppose -t + 0*t = 3*k - 62, -t + 106 = 5*k. Calculate the remainder when 65 is divided by k.
21
Suppose 50 = 5*q - 4*q. What is the remainder when q is divided by 26?
24
Let m(a) = -a**2 + 4*a - 4. Let f be m(3). Let r = f - -1. What is the remainder when r - -54 - (1 - -1) is divided by 18?
16
Suppose -2*j + 43 = 2*l + l, 18 = 3*l - 3*j. What is the remainder when (-1)/((-12)/l + 1) is divided by 7?
4
Calculate the remainder when (-1466)/(-5) - 8/40 is divided by 42.
41
Suppose -2*b + f = -3*b - 1, -45 = -5*b + 5*f. Let g = 9 + 24. Suppose g = -j + b*j. What is the remainder when 32 is divided by j?
10
Let l = 17 - 9. Let q = 41 - 18. What is the remainder when q is divided by l?
7
Let g be (-2)/(6/9) - -3. Suppose 0 = -g*j - 2*j + 4. Suppose -c = -j*c + 16. Calculate the remainder when 30 is divided by c.
14
Suppose 0*u = -u + 29. Calculate the remainder when 113 is divided by u.
26
Calculate the remainder when (-30)/(-4) - 3/(-6) is divided by (-2)/7 - 46/(-14).
2
Suppose 84 = 3*s + 24. What is the remainder when s is divided by 7?
6
Suppose -3*p + 14 + 31 = 0. Suppose m + 3 = p. What is the remainder when 22 is divided by m?
10
Suppose x - 51 = -2*x. Suppose -x = -4*p - 1. Calculate the remainder when 7 is divided by p.
3
Let a = -29 - -84. Let v(h) = -h**3 + 8*h**2 + 2*h + 3. Suppose 3*p + 9 - 33 = 0. Calculate the remainder when a is divided by v(p).
17
Let m = 616 + -308. Suppose -36 = 4*z - m. Calculate the remainder when z is divided by 18.
14
Suppose -3*v + 1 = -218. Let o(u) = 4*u**2 - 3*u - 3. Calculate the remainder when v is divided by o(-2).
16
Calculate the remainder when 78/7*(1 + 6) is divided by 16.
14
Suppose -10 + 20 = 5*q. Suppose -3*s + q + 7 = 0. Let b(y) = -y**3 + 4*y**2 + 2*y - 6. Calculate the remainder when s is divided by b(4).
1
Suppose 0 = b - 5 + 1. Suppose n + 12 = b*n. Calculate the remainder when 6 is divided by n.
2
Let p be (-2)/3 - 2/(-3). Let l = 3 - p. Calculate the remainder when 7 is divided by l.
1
Suppose 0 = 4*k - 65 - 27. What is the remainder when 91 is divided by k?
22
Let g(o) = 6*o - 1. Let u = 1 - 0. Let y be g(u). Suppose y*v - s = 54, 0 = -4*s + 4. Calculate the remainder when 31 is divided by v.
9
Suppose 5*j - 24 = 2*j. Suppose -3*s = -j*s + 50. Let m = 45 + -27. What is the remainder when m is divided by s?
8
Let s be (-200)/(-3)*6/5. Suppose 4*j - s = 2*j. What is the remainder when j is divided by 14?
12
Let g = -76 + 123. Suppose -5*j = v - 48, 3*j + 115 = 3*v - g. Calculate the remainder when v is divided by 18.
17
Suppose t - 20 = 4*d, t + 2*d - 5*d = 17. Calculate the remainder when 39 is divided by t.
7
Let x = 53 + 10. Let w = x - 45. Suppose -4*a + 25 + 0 = -5*j, 15 = 3*a - 5*j. Calculate the remainder when w is divided by a.
8
Let w = 6 - -2. Let v = -22 - -33. What is the remainder when v is divided by (-2)/w*-6*4?
5
Suppose -5*h + 10 = -0*d + 5*d, -5*h + 4*d = -37. Calculate the remainder when 7 is divided by h.
2
Let w(j) = j**2 - 3*j - 1. Let g(m) = -m**2 + 15*m + 7. Let a be g(15). What is the remainder when w(a) is divided by 15?
12
Let x = 67 - 40. Let v be 2 - (-5)/((-15)/(-9)). Let s = v + 2. Calculate the remainder when x is divided by s.
6
Suppose -2*z - 1 = 7, 2*a - 190 = 3*z. What is the remainder when a is divided by 31?
27
Let u(m) = 9*m - 1. Suppose -3*k + 8 = 2. Let t(x) = -2*x - 5. Calculate the remainder when u(k) is divided by t(-5).
2
Suppose 0 = -3*h + 6*h. Suppose 6*j - 2*j - 164 = h. What is the remainder when j is divided by 21?
20
Let i(c) = -c. Let q be i(-5). Suppose q*b + l + 110 = 0, 4*l + 0*l = 0. Let x = b + 41. What is the remainder when 55 is divided by x?
17
Let f = 11 - -25. Let i = f + -21. What is the remainder when 44 is divided by i?
14
Let w = -16 + 21. What is the remainder when 5 is divided by w?
0
Calculate the remainder when 2016/44 + 4/22 is divided by 12.
10
Suppose -9 = -4*c + g + 1, 3*g = 6. Suppose 3*s - c = 6. Suppose -3*w = -4*o - 18 + 64, s*w = 2*o - 26. Calculate the remainder when 28 is divided by o.
8
Suppose -3 - 10 = r - 3*k, -r = -5*k + 23. Suppose u - 33 = -2*m, -3*u = -0*u + r*m - 115. What is the remainder when u is divided by 11?
8
Suppose 2*b + 410 = 7*b. What is the remainder when b is divided by 21?
19
Suppose -2*j + j = -o - 11, 5*j - 57 = 3*o. Let h = j + -7. Suppose -39*n + 68 = -35*n. What is the remainder when n is divided by h?
2
Let b(o) = -o**3 - 3*o**2 + 5*o - 6. Calculate the remainder when b(-5) is divided by 4.
3
Suppose 6 - 1 = w. Suppose -w*a = -10, t + 4 = 4*a - 0. What is the remainder when (t/(-2))/((-4)/14) is divided by 4?
3
Suppose -45*a = -40*a - 15. Calculate the remainder when 9 is divided by a.
0
Suppose 5*r - 4*f - 30 = 0, 0 = 4*r - 5*f - 10 - 23. Suppose -r*m + 4*m - 26 = 2*y, 3*m - 2*y = 42. What is the remainder when 46 is divided by m?
14
Let c be 8/20 - (-7)/(-5). Calculate the remainder when 35 is divided by -1 + c - (-18 - -4).
11
What is the remainder when (295/(-10))/((-5)/2 + 2) is divided by 12?
11
Let r be -4 + 3 + -1 + -2. Let y(v) = v + 6. Let g = 50 + -47. Calculate the remainder when g is divided by y(r).
1
Suppose l + 4*i = -4*l - 20, i = 3*l - 5. Suppose l*r + r = -j + 15, -j + 2*r = 0. Suppose -52 = -3*g + 2. What is the remainder when g is divided by j?
8
Let y(v) = 3*v - 1. Let s 